eds digit of 18110?
1
What is the units digit of 3064?
4
What is the hundreds digit of 27091?
0
What is the hundreds digit of 4204?
2
What is the units digit of 132915?
5
What is the ten thousands digit of 36428?
3
What is the hundreds digit of 257?
2
What is the hundreds digit of 1771?
7
What is the thousands digit of 8253?
8
What is the hundreds digit of 24442?
4
What is the hundreds digit of 2855?
8
What is the units digit of 75218?
8
What is the hundred thousands digit of 107136?
1
What is the thousands digit of 3953?
3
What is the hundreds digit of 8651?
6
What is the tens digit of 619?
1
What is the units digit of 16198?
8
What is the tens digit of 57366?
6
What is the units digit of 4720?
0
What is the thousands digit of 143548?
3
What is the units digit of 1131?
1
What is the hundreds digit of 6533?
5
What is the hundreds digit of 826?
8
What is the units digit of 5631?
1
What is the units digit of 34841?
1
What is the units digit of 1095?
5
What is the units digit of 6502?
2
What is the thousands digit of 9843?
9
What is the hundreds digit of 1090?
0
What is the units digit of 3632?
2
What is the thousands digit of 13828?
3
What is the thousands digit of 3201?
3
What is the tens digit of 3931?
3
What is the tens digit of 6170?
7
What is the thousands digit of 35570?
5
What is the units digit of 16367?
7
What is the tens digit of 9568?
6
What is the thousands digit of 45839?
5
What is the hundreds digit of 42380?
3
What is the tens digit of 192?
9
What is the units digit of 2761?
1
What is the hundreds digit of 25585?
5
What is the thousands digit of 2491?
2
What is the units digit of 187?
7
What is the thousands digit of 4209?
4
What is the units digit of 3885?
5
What is the ten thousands digit of 27743?
2
What is the hundreds digit of 836?
8
What is the tens digit of 70?
7
What is the ten thousands digit of 43448?
4
What is the hundreds digit of 755?
7
What is the units digit of 522?
2
What is the tens digit of 966?
6
What is the ten thousands digit of 22880?
2
What is the units digit of 2141?
1
What is the units digit of 60359?
9
What is the thousands digit of 36506?
6
What is the tens digit of 25027?
2
What is the thousands digit of 2783?
2
What is the tens digit of 83096?
9
What is the thousands digit of 3227?
3
What is the tens digit of 44679?
7
What is the units digit of 252?
2
What is the hundreds digit of 1262?
2
What is the hundreds digit of 8572?
5
What is the units digit of 809?
9
What is the thousands digit of 17940?
7
What is the tens digit of 6655?
5
What is the tens digit of 6659?
5
What is the units digit of 58640?
0
What is the units digit of 1023?
3
What is the thousands digit of 3078?
3
What is the thousands digit of 13619?
3
What is the hundreds digit of 905?
9
What is the hundreds digit of 76069?
0
What is the ten thousands digit of 51196?
5
What is the hundreds digit of 105131?
1
What is the units digit of 2402?
2
What is the hundreds digit of 6678?
6
What is the tens digit of 24337?
3
What is the hundreds digit of 11848?
8
What is the units digit of 319?
9
What is the hundreds digit of 150?
1
What is the thousands digit of 2020?
2
What is the hundreds digit of 26450?
4
What is the hundreds digit of 2694?
6
What is the tens digit of 2522?
2
What is the hundreds digit of 972?
9
What is the ten thousands digit of 138277?
3
What is the tens digit of 170?
7
What is the hundreds digit of 4561?
5
What is the ten thousands digit of 30224?
3
What is the thousands digit of 5259?
5
What is the units digit of 22714?
4
What is the units digit of 174?
4
What is the ten thousands digit of 154809?
5
What is the units digit of 20268?
8
What is the thousands digit of 8479?
8
What is the units digit of 38?
8
What is the units digit of 78?
8
What is the tens digit of 910?
1
What is the ten thousands digit of 30970?
3
What is the units digit of 5870?
0
What is the ten thousands digit of 106831?
0
What is the thousands digit of 1462?
1
What is the ten thousands digit of 27938?
2
What is the tens digit of 932?
3
What is the units digit of 655?
5
What is the units digit of 758?
8
What is the units digit of 40829?
9
What is the thousands digit of 6470?
6
What is the hundreds digit of 2539?
5
What is the ten thousands digit of 23286?
2
What is the thousands digit of 12881?
2
What is the tens digit of 29360?
6
What is the units digit of 23256?
6
What is the tens digit of 384?
8
What is the thousands digit of 156545?
6
What is the ten thousands digit of 20262?
2
What is the units digit of 1744?
4
What is the thousands digit of 1871?
1
What is the thousands digit of 3953?
3
What is the hundreds digit of 113426?
4
What is the hundreds digit of 492?
4
What is the ten thousands digit of 16262?
1
What is the tens digit of 136?
3
What is the ten thousands digit of 30919?
3
What is the hundreds digit of 8817?
8
What is the hundreds digit of 173467?
4
What is the ten thousands digit of 14469?
1
What is the units digit of 53606?
6
What is the tens digit of 2489?
8
What is the hundreds digit of 2450?
4
What is the thousands digit of 5639?
5
What is the ten thousands digit of 10946?
1
What is the units digit of 9212?
2
What is the ten thousands digit of 33212?
3
What is the units digit of 1440?
0
What is the tens digit of 200?
0
What is the units digit of 3564?
4
What is the thousands digit of 6168?
6
What is the thousands digit of 1444?
1
What is the units digit of 1757?
7
What is the thousands digit of 21638?
1
What is the hundreds digit of 34799?
7
What is the units digit of 8976?
6
What is the hundreds digit of 3567?
5
What is the units digit of 41205?
5
What is the units digit of 45598?
8
What is the ten thousands digit of 21298?
2
What is the tens digit of 82148?
4
What is the units digit of 39045?
5
What is the thousands digit of 2821?
2
What is the thousands digit of 6292?
6
What is the thousands digit of 30375?
0
What is the thousands digit of 31393?
1
What is the hundreds digit of 1458?
4
What is the thousands digit of 32784?
2
What is the units digit of 931?
1
What is the hundreds digit of 23818?
8
What is the ten thousands digit of 20613?
2
What is the tens digit of 1421?
2
What is the thousands digit of 1364?
1
What is the units digit of 88376?
6
What is the ten thousands digit of 53763?
5
What is the tens digit of 7106?
0
What is the tens digit of 6898?
9
What is the units digit of 5190?
0
What is the thousands digit of 2100?
2
What is the units digit of 18339?
9
What is the units digit of 7499?
9
What is the tens digit of 31134?
3
What is the thousands digit of 15903?
5
What is the thousands digit of 3679?
3
What is the units digit of 177?
7
What is the ten thousands digit of 157843?
5
What is the tens digit of 98086?
8
What is the tens digit of 16293?
9
What is the units digit of 32746?
6
What is the tens digit of 6863?
6
What is the units digit of 655?
5
What is the units digit of 3585?
5
What is the hundreds digit of 6212?
2
What is the units digit of 63540?
0
What is the units digit of 321?
1
What is the units digit of 968?
8
What is the ten thousands digit of 182456?
8
What is the ten thousands digit of 13262?
1
What is the units digit of 9467?
7
What is the units digit of 14?
4
What is the units digit of 5239?
9
What is the units digit of 17038?
8
What is the hundreds digit of 5845?
8
What is the thousands digit of 4369?
4
What is the thousands digit of 36838?
6
What is the units digit of 131?
1
What is the hundreds digit of 96808?
8
What is the tens digit of 652?
5
What is the tens digit of 1157?
5
What is the units digit of 15089?
9
What is the ten thousands digit of 40932?
4
What is the tens digit of 5918?
1
What is the tens digit of 2908?
0
What is the units digit of 4699?
9
What is the thousands digit of 6705?
6
What is the units digit of 8604?
4
What is the units digit of 1827?
7
What is the hundreds digit of 1925?
9
What is the units digit of 627?
7
What is the units digit of 1087?
7
What is the thousands digit of 137186?
7
What is the thousands digit of 29361?
9
What is the ten thousands digit of 12584?
1
What is the units digit of 582?
2
What is the tens digit of 280?
8
What is the hundreds digit of 71451?
4
What is the tens digit of 21539?
3
What is the tens digit of 9731?
3
What is the hundreds digit of 13301?
3
W